ided by 1361.
352
Calculate the remainder when 2037 is divided by 25.
12
What is the remainder when 136759 is divided by 29?
24
What is the remainder when 2752 is divided by 29?
26
Calculate the remainder when 177573 is divided by 19.
18
Calculate the remainder when 22912 is divided by 79.
2
Calculate the remainder when 165187 is divided by 244.
243
Calculate the remainder when 35718 is divided by 95.
93
Calculate the remainder when 528603 is divided by 264282.
39
Calculate the remainder when 87835 is divided by 992.
539
Calculate the remainder when 128192 is divided by 173.
172
Calculate the remainder when 896013 is divided by 22.
19
What is the remainder when 501215 is divided by 16?
15
Calculate the remainder when 3452 is divided by 675.
77
Calculate the remainder when 1854227 is divided by 30.
17
Calculate the remainder when 9746 is divided by 3212.
110
Calculate the remainder when 24030 is divided by 235.
60
Calculate the remainder when 9944 is divided by 3157.
473
Calculate the remainder when 1353 is divided by 1260.
93
What is the remainder when 3273442 is divided by 948?
946
Calculate the remainder when 5654 is divided by 657.
398
What is the remainder when 110706 is divided by 605?
596
What is the remainder when 498592 is divided by 1598?
16
What is the remainder when 75465 is divided by 76?
73
What is the remainder when 456519 is divided by 6?
3
Calculate the remainder when 4119 is divided by 317.
315
What is the remainder when 118322 is divided by 25?
22
What is the remainder when 758 is divided by 62?
14
What is the remainder when 604707 is divided by 562?
557
What is the remainder when 921 is divided by 306?
3
What is the remainder when 403 is divided by 63?
25
What is the remainder when 9397 is divided by 1448?
709
Calculate the remainder when 721919 is divided by 235.
234
Calculate the remainder when 12327 is divided by 1318.
465
What is the remainder when 1265 is divided by 73?
24
Calculate the remainder when 35958 is divided by 5128.
62
What is the remainder when 99180 is divided by 285?
0
Calculate the remainder when 379286 is divided by 13.
11
What is the remainder when 29242 is divided by 1125?
1117
Calculate the remainder when 291065 is divided by 196.
5
What is the remainder when 3770 is divided by 158?
136
Calculate the remainder when 1612 is divided by 1353.
259
Calculate the remainder when 800 is divided by 331.
138
Calculate the remainder when 16954 is divided by 5624.
82
What is the remainder when 1453 is divided by 363?
1
Calculate the remainder when 380445 is divided by 24.
21
Calculate the remainder when 1084 is divided by 73.
62
Calculate the remainder when 62259 is divided by 41.
21
What is the remainder when 1465742 is divided by 28?
26
What is the remainder when 47318 is divided by 893?
882
Calculate the remainder when 205916 is divided by 161.
158
What is the remainder when 822 is divided by 585?
237
What is the remainder when 8923 is divided by 2944?
91
Calculate the remainder when 4917 is divided by 119.
38
Calculate the remainder when 462958 is divided by 16533.
34
Calculate the remainder when 317 is divided by 5.
2
What is the remainder when 17938 is divided by 17879?
59
What is the remainder when 2152462 is divided by 16?
14
Calculate the remainder when 1302168 is divided by 39.
36
Calculate the remainder when 20152 is divided by 1549.
15
Calculate the remainder when 22841 is divided by 601.
3
Calculate the remainder when 30979 is divided by 88.
3
What is the remainder when 30925 is divided by 1901?
509
What is the remainder when 1258 is divided by 593?
72
What is the remainder when 434246 is divided by 27?
5
What is the remainder when 25440 is divided by 471?
6
Calculate the remainder when 52586 is divided by 13143.
14
What is the remainder when 12568 is divided by 30?
28
Calculate the remainder when 1957 is divided by 41.
30
Calculate the remainder when 595 is divided by 213.
169
What is the remainder when 3619 is divided by 263?
200
Calculate the remainder when 2359 is divided by 1163.
33
What is the remainder when 11305 is divided by 175?
105
Calculate the remainder when 12500 is divided by 12483.
17
Calculate the remainder when 845581 is divided by 64.
13
Calculate the remainder when 665857 is divided by 345.
7
What is the remainder when 1237 is divided by 46?
41
Calculate the remainder when 16442 is divided by 3052.
1182
What is the remainder when 8147 is divided by 4017?
113
Calculate the remainder when 257239 is divided by 36746.
17
What is the remainder when 133714 is divided by 12?
10
Calculate the remainder when 170558 is divided by 456.
14
Calculate the remainder when 1454 is divided by 453.
95
What is the remainder when 50522 is divided by 25146?
230
What is the remainder when 910 is divided by 399?
112
Calculate the remainder when 16284 is divided by 240.
204
What is the remainder when 326341 is divided by 759?
730
What is the remainder when 64646 is divided by 182?
36
What is the remainder when 1003183 is divided by 689?
688
What is the remainder when 39551 is divided by 370?
331
What is the remainder when 29761 is divided by 16?
1
What is the remainder when 18639 is divided by 4054?
2423
What is the remainder when 36172 is divided by 978?
964
Calculate the remainder when 79446 is divided by 53.
52
Calculate the remainder when 33471 is divided by 11134.
69
What is the remainder when 42407 is divided by 36?
35
Calculate the remainder when 1092885 is divided by 129.
126
What is the remainder when 1221 is divided by 595?
31
Calculate the remainder when 45379 is divided by 547.
525
Calculate the remainder when 1429 is divided by 757.
672
Calculate the remainder when 2787 is divided by 694.
11
Calculate the remainder when 9087 is divided by 3025.
12
Calculate the remainder when 194262 is divided by 2815.
27
Calculate the remainder when 4857 is divided by 27.
24
Calculate the remainder when 149603 is divided by 273.
272
What is the remainder when 2877 is divided by 295?
222
What is the remainder when 3333 is divided by 2564?
769
What is the remainder when 40052 is divided by 13349?
5
Calculate the remainder when 10264 is divided by 905.
309
What is the remainder when 131073 is divided by 6241?
12
What is the remainder when 6026 is divided by 2939?
148
What is the remainder when 791732 is divided by 395858?
16
What is the remainder when 152760 is divided by 50920?
0
Calculate the remainder when 279344 is divided by 197.
195
What is the remainder when 7503 is divided by 1498?
13
Calculate the remainder when 50811 is divided by 66.
57
Calculate the remainder when 111405 is divided by 422.
419
What is the remainder when 2772414 is divided by 93?
84
Calculate the remainder when 7120 is divided by 97.
39
Calculate the remainder when 4090 is divided by 89.
85
Calculate the remainder when 1163 is divided by 262.
115
What is the remainder when 36569 is divided by 27?
11
Calculate the remainder when 5046 is divided by 171.
87
Calculate the remainder when 25488 is divided by 8466.
90
What is the remainder when 114652 is divided by 45?
37
What is the remainder when 195 is divided by 174?
21
Calculate the remainder when 128896 is divided by 462.
460
Calculate the remainder when 1499 is divided by 293.
34
What is the remainder when 56383 is divided by 44?
19
What is the remainder when 268 is divided by 184?
84
What is the remainder when 159174 is divided by 53053?
15
Calculate the remainder when 5286 is divided by 2041.
1204
Calculate the remainder when 32253 is divided by 144.
141
What is the remainder when 3635 is divided by 17?
14
Calculate the remainder when 48288 is divided by 298.
12
Calculate the remainder when 10585 is divided by 663.
640
Calculate the remainder when 1336 is divided by 334.
0
What is the remainder when 4408 is divided by 119?
5
What is the remainder when 143 is divided by 55?
33
Calculate the remainder when 16958 is divided by 1172.
550
Calculate the remainder when 9671 is divided by 314.
251
What is the remainder when 8232 is divided by 4111?
10
What is the remainder when 51601 is divided by 12869?
125
Calculate the remainder when 224807 is divided by 29.
28
Calculate the remainder when 10072061 is divided by 13.
12
Calculate the remainder when 37534 is divided by 21.
7
Calculat